ltiple of 137?
False
Is 6599526 a multiple of 757?
True
Is 212756434 a multiple of 22?
True
Is 522 a factor of 7964607?
False
Does 107 divide 96589863?
True
Is 2715 a factor of 27774450?
True
Is 1831 a factor of 81814573?
True
Is 16714261 a multiple of 84?
False
Is 4 a factor of 4549393?
False
Is 21412566 a multiple of 1554?
True
Is 90597508 a multiple of 914?
True
Is 159653125 a multiple of 24?
False
Is 2 a factor of 5659630?
True
Is 40 a factor of 40573013?
False
Does 751 divide 936703976?
False
Does 17 divide 70146903?
False
Is 622077542 a multiple of 278?
True
Is 12 a factor of 16926805?
False
Does 1437 divide 58085368?
False
Is 11 a factor of 14772233?
False
Is 1304966809 a multiple of 197?
True
Is 12 a factor of 70985387?
False
Does 1253 divide 19752832?
False
Is 2664 a factor of 545391045?
False
Is 15 a factor of 5552859015?
True
Does 4 divide 25308148?
True
Is 26510491 a multiple of 15?
False
Is 22177114 a multiple of 3?
False
Does 522 divide 14289050?
False
Does 23 divide 283970420?
True
Does 46 divide 926175454?
True
Is 39557215 a multiple of 4502?
False
Is 103988557 a multiple of 15?
False
Is 70670340 a multiple of 60?
True
Is 179 a factor of 66242611?
False
Is 6855 a factor of 264171224?
False
Does 9 divide 12697589?
False
Is 39 a factor of 1506389898?
True
Is 12 a factor of 224278080?
True
Does 409 divide 3025373?
True
Is 940 a factor of 47821432?
False
Is 37 a factor of 964744623?
True
Is 205248849 a multiple of 741?
True
Is 46832940 a multiple of 434?
True
Is 38 a factor of 82037099?
False
Does 69 divide 10816785?
True
Does 404 divide 1820357744?
True
Is 907 a factor of 30477921?
True
Is 32 a factor of 1832191493?
False
Is 12 a factor of 173581495?
False
Does 99 divide 100376063?
False
Is 146527472 a multiple of 52?
True
Does 107 divide 181206640?
True
Does 1522 divide 157597012?
True
Does 100 divide 219798599?
False
Is 64 a factor of 41015104?
True
Is 11 a factor of 49754298?
True
Is 3495933125 a multiple of 625?
True
Is 818316330 a multiple of 1182?
True
Does 42 divide 21740208?
True
Is 62084705 a multiple of 266?
False
Is 110 a factor of 21732961?
False
Is 8697674 a multiple of 145?
False
Is 361213006 a multiple of 769?
False
Is 597844782 a multiple of 3727?
False
Is 521 a factor of 25812945?
True
Does 67 divide 239058055?
False
Is 511 a factor of 220675678?
False
Is 433 a factor of 53207225?
False
Is 33 a factor of 8850051?
False
Is 168 a factor of 1776637091?
False
Is 13 a factor of 5133276?
False
Is 737 a factor of 17531756?
True
Is 60845137 a multiple of 196?
False
Is 479 a factor of 295820820?
True
Is 5139797952 a multiple of 14926?
True
Does 103 divide 29406189?
False
Is 291759277 a multiple of 259?
False
Is 55 a factor of 11351107?
False
Is 389 a factor of 65912549?
True
Does 19 divide 8801658?
False
Is 10 a factor of 440228210?
True
Is 904 a factor of 523013249?
False
Does 9 divide 3574247642?
False
Does 24 divide 243636?
False
Is 951 a factor of 12511356?
True
Is 566300616 a multiple of 2591?
False
Does 8 divide 176414441?
False
Is 80 a factor of 273868674?
False
Does 745 divide 32211748?
False
Is 212609181 a multiple of 529?
False
Is 2 a factor of 154420594?
True
Is 3351000640 a multiple of 1840?
True
Is 9 a factor of 593730738?
True
Does 2684 divide 101167522?
False
Is 90897752 a multiple of 11?
True
Is 2027980812 a multiple of 143?
True
Is 280314892 a multiple of 44?
True
Is 5944129 a multiple of 6?
False
Does 109 divide 8676182?
True
Is 2682 a factor of 1712030562?
True
Is 15539040 a multiple of 1296?
True
Does 1634 divide 89142870?
True
Does 565 divide 27042033?
False
Is 91 a factor of 21140028?
True
Does 836 divide 156914909?
False
Does 15 divide 34261110?
True
Is 1034446822 a multiple of 1811?
True
Is 169056468 a multiple of 196?
True
Is 2234058813 a multiple of 147?
True
Is 80 a factor of 345384121?
False
Does 2692 divide 126820120?
True
Is 291 a factor of 79123539?
False
Is 266 a factor of 14691131?
False
Is 4655840 a multiple of 56?
True
Is 952880394 a multiple of 141?
False
Is 82375466 a multiple of 254?
False
Does 2756 divide 396703495?
False
Is 1131130 a multiple of 90?
False
Does 5 divide 89886724?
False
Is 45040716 a multiple of 483?
True
Is 105 a factor of 10747905?
True
Is 177077138 a multiple of 161?
True
Is 3983256 a multiple of 729?
True
Is 4901699 a multiple of 11?
True
Is 91976095 a multiple of 142?
False
Does 25 divide 624924225?
True
Is 3080105582 a multiple of 7682?
True
Does 185 divide 50840775?
True
Does 2 divide 12236870?
True
Is 47392387 a multiple of 92?
False
Does 38 divide 89750749?
False
Is 50 a factor of 48716325?
False
Is 203090861 a multiple of 7?
False
Does 789 divide 433084467?
True
Does 425 divide 25551000?
True
Is 72313680 a multiple of 16?
True
Is 109 a factor of 4161729?
True
Is 49518960 a multiple of 85?
True
Is 11057592 a multiple of 27?
False
Is 25149975 a multiple of 1065?
True
Is 71 a factor of 111391190?
True
Is 722898807 a multiple of 157?
True
Does 2172 divide 129014540?
False
Is 25072875 a multiple of 57?
True
Is 11315968 a multiple of 3?
False
Is 54984328 a multiple of 133?
True
Is 581076758 a multiple of 79?
True
Is 6160759 a multiple of 11?
True
Does 278 divide 111803012?
False
Is 209147250 a multiple of 570?
True
Does 813 divide 52575897?
True
Is 16957404 a multiple of 36?
True
Is 1393190176 a multiple of 677?
True
Is 91784583 a multiple of 891?
True
Does 23 divide 181960498?
True
Is 180074376 a multiple of 554?
True
Is 334 a factor of 507135246?
True
Is 293181 a multiple of 69?
True
Is 122332221 a multiple of 1240?
False
Is 13395485 a multiple of 53?
True
Is 86 a factor of 457278082?
True
Is 1296962470 a multiple of 106?
True
Does 2568 divide 162138618?
False
Is 983525276 a multiple of 1396?
True
Is 119672085 a multiple of 1695?
True
Does 145 divide 11796526?
False
Is 728717516 a multiple of 47?
True
Is 43 a factor of 2239848801?
True
Is 50902053 a multiple of 246?
False
Is 1746906133 a multiple of 2221?
False
Is 63334913 a multiple of 18?
False
Does 250 divide 106610750?
True
Is 22509819 a multiple of 1377?
True
Is 37 a factor of 625871428?
True
Is 3527172 a multiple of 12?
True
Is 98 a factor of 89551224?
True
Is 84364667 a multiple of 18?
False
Is 421351614 a multiple of 522?
True
Is 273 a factor of 49136997?
True
Is 13 a factor of 45492941?
True
Is 17 a factor of 25037413?
True
Does 10 divide 10454848?
False
Is 429537984 a multiple of 12?
True
Is 159 a factor of 853976439?
True
Does 76 divide 42606588?
True
Is 122 a factor of 3220403950?
False
Does 239 divide 9269854?
True
Is 153 a factor of 70672665?
False
Is 80 a factor of 46064560?
True
Is 511 a factor of 519411571?
True
Is 43 a factor of 111633289?
True
Is 238 a factor of 17081971?
False
Does 4152 divide 2877667?
False
Is 4542319566 a multiple of 253?
False
Is 873241250 a multiple of 6625?
True
Is 12182030 a multiple of 2?
True
Does 20 divide 1095431982?
False
Is 232 a factor of 11823936?
False
Is 7880244 a multiple of 41?
False
Is 33438547 a multiple of 5?
False
Does 324 divide 105007104?
True
Is 13 a factor of 10761170?
False
Is 35 a factor of 228280531?
False
Is 2641828151 a multiple of 1924?
False
Does 2259 divide 3127488363?
True
Is 3185199 a multiple of 3?
True
Does 4 divide 98677294?
False
Is 515757189 a multiple of 210?
False
Does 17 divide 7480178?
False
Is 1382915071 a multiple of 782?
False
Does 337 divide 31255065?
True
Does 9686 divide 3296978796?
True
Is 1545207300 a multiple of 1330?
True
Does 2067 divide 305180148?
True
Does 1676 divide 45205493?
False
Does 281 divide 725010?
False
Does 20 divide 4449177?
False
Is 4221041785 a multiple of 1093?
False
Does 40 divide 144505704?
False
Is 9785361 a multiple of 20?
False
Is 10 a factor of 709240090?
True
Does 3 divide 634113176?
False
Is 904 a factor of 77302827?
False
Is 1425178748 a multiple of 31?
True
Is 129435636 a multiple of 1164?
True
Does 4107 divide 636515181?
True
Is 15 a factor of 17010820?
False
Is 264443816 a multiple of 6058?
True
Is 1193 a factor of 889115945?
False
Is 25734846 a multiple of 1341?
False
Does 9 divide 357355624?
False
Is 10021560 a multiple of 3?
True
Does 491 divide 2427504?
True
Is 38522770 a multiple of 2015?
True
Does 173 divide 37173861?
False
Is 156 a factor of 118428804?
True
Is 521283600 a multiple 